 = 14. What are the prime factors of h?
7
Let i = 37 - 27. List the prime factors of i.
2, 5
Let r = -9 + 14. What are the prime factors of (-25)/r*51/(-15)?
17
Let f be ((-14)/(-35))/(1/5). Let r = f - 0. What are the prime factors of (8 - 11)/(r/(-10))?
3, 5
Let k = -7 - -8. Suppose -3*c - k = -7. List the prime factors of c.
2
Suppose -10 = -s + 24. List the prime factors of s.
2, 17
Suppose 252 = 8*n - 6*n. List the prime factors of n.
2, 3, 7
Let l(j) = j**2 - 9*j - 5. Let f be l(10). Suppose f*r - 2*v - 13 = 0, -3*v - 2*v - 7 = -4*r. List the prime factors of r.
3
Let i(c) = 11*c - 6*c + 1 + 6*c. List the prime factors of i(1).
2, 3
Suppose -2*n - 3*n - 4*a = -124, 2*n + 5*a = 53. What are the prime factors of n?
2, 3
Suppose h - 390 = -2*h. Suppose 6*u = u + h. List the prime factors of u.
2, 13
Suppose 3*f + 3*u - 385 = 7*u, -5*f = 3*u - 661. List the prime factors of f.
131
Let g = 4 - -25. Suppose 5*x = g - 4. List the prime factors of x.
5
Let q = 60 + -48. What are the prime factors of q?
2, 3
Let n be 3 - (0 + 2 - 2). Suppose -n*f + 3 + 0 = 0. Let q = 5 + f. List the prime factors of q.
2, 3
Let q be -3 + (0 - -1)*9. Let o be (6/5)/(q/20). Suppose 3*r = -4*s + s + 57, -r - o*s = -34. What are the prime factors of r?
2, 7
Suppose p - 15 = -5*o, -6*p - 5*o + 25 = -3*p. Suppose -91 = -3*y + 5*b, 4*b - 129 = -p*y + b. What are the prime factors of y?
3
Let s = 5 - -6. Suppose p - s + 0 = 0. What are the prime factors of p?
11
Suppose 0 = 2*y + 4*l - 76, 2*y + l - 61 = 2*l. Let g = y - -48. Suppose -m + 6*m = g. What are the prime factors of m?
2
Let t(l) = l - 1. Let m be t(5). Suppose m*v = -5*r + r + 152, v = 4*r + 53. List the prime factors of v.
41
Let t(u) = 12*u**2. Let s(a) = -a**2 + 4*a - 2. Let h be s(3). What are the prime factors of t(h)?
2, 3
Let v be 600/27 + 4/(-18). Suppose 4*c + 16 = 0, n = 2*n - 5*c - v. What are the prime factors of n?
2
Suppose -5*a = 4*l - 40, 4*a + 32 = 8*a + 2*l. Suppose 2*y + a = 5*v, 0 = v - 0*v + 5*y - 7. Suppose 3*r - v*r - 17 = 0. What are the prime factors of r?
17
Let m = 3 - -1. Suppose 0 = m*p - x + 2, -4*p - 4 = -4*x + 4. Suppose 3*k - 3*w = 9 + 48, p = 4*k + 3*w - 62. List the prime factors of k.
17
Let t be 3/9 + 24/9. Suppose 0 = 5*y - 5, m = t*y - 0*y + 2. What are the prime factors of m?
5
Suppose 7 = -2*u - 3*j, -2*u + 2*j = -6*u + 6. Let o(i) = i - 1. Let x be o(u). Suppose -6*c + 2*c = -x*z - 59, -3*c + 39 = -4*z. List the prime factors of c.
17
Suppose -3*b - 80 + 341 = 0. List the prime factors of b.
3, 29
Suppose a = -18 + 47. List the prime factors of a.
29
Let p = -5 + 8. Suppose p*v = i - 10, 0*v = 4*i + 2*v - 40. What are the prime factors of i?
2, 5
Let d(t) = t**3 + 7*t**2 - 9*t + 9. List the prime factors of d(-7).
2, 3
Suppose 4*i = i + 18. What are the prime factors of i?
2, 3
Suppose 4*a - 3*b = -7*b + 16, -5*b = 3*a - 14. Suppose a*k - 24 = -0. What are the prime factors of k?
2
Suppose 52 - 2 = -2*t. Suppose 2*c + 2*c + 28 = 0. Let s = c - t. What are the prime factors of s?
2, 3
List the prime factors of (183/(-9) - -5)/(1/(-3)).
2, 23
Let k be ((-1)/(-2))/(1/4). Suppose -k*i = 3*q - 108, -4*i - i - 19 = -q. What are the prime factors of q?
2, 17
Let k(h) be the second derivative of -h**5/20 + 5*h**4/12 - h**3/3 + 2*h. List the prime factors of k(4).
2
Suppose 5*t + 35 = -3*d, 3*d + 8 = 4*t - 18. Let o = 15 + d. Suppose -4*l + 12 = 0, -2*l + l = o*j - 63. What are the prime factors of j?
2, 3
Let t be (-2)/2 + 2 + 30. Let u = -22 + t. Suppose -4*x = u - 65. List the prime factors of x.
2, 7
Let d(l) = -l**3 - 15*l**2 - 32*l - 19. List the prime factors of d(-13).
59
Let g(a) = a**3 - 2*a**2 - 5. Let h be g(4). Suppose 5*n = 112 - h. Suppose y + d - 32 = 5*d, -d = -y + n. What are the prime factors of y?
2, 3
Let x(z) = z**2 + 7*z - 8. Let f be x(-8). Suppose -4*n + f*n - 29 = -5*q, 0 = 5*q + n - 24. What are the prime factors of q?
5
Let i = 4 + -2. Suppose -i*m - 1 = -15. List the prime factors of m.
7
Let v(g) = g + 9. Let c be (-2 - -5)/(2/(-4)). Let w be v(c). List the prime factors of 16/w - 3/9.
5
Suppose 5*z - 20 = 0, 224 = 4*r + z + 48. What are the prime factors of r?
43
Let d be (1 - (-1 - 3)) + -2. Let x = -3 + d. Suppose -4*g + 6 + 26 = x. What are the prime factors of g?
2
Let c(a) = -17*a + 3. Let x(u) = -35*u + 6. Let l(o) = 9*c(o) - 4*x(o). List the prime factors of l(-2).
29
Let f = -98 - -56. What are the prime factors of 4/8 + f/(-4)?
11
Suppose 4*l - 117 = 3*s, l = s + 3*l + 29. Let k = s + 51. List the prime factors of k.
2
Let q = 596 - 412. What are the prime factors of q?
2, 23
Let d = -3 - -1. Let u be 8/2 - (0 - d). Suppose -19 = u*m - 47. List the prime factors of m.
2, 7
Let j = -76 - -206. List the prime factors of j.
2, 5, 13
What are the prime factors of ((-8)/(-10))/((-32)/(-1520))?
2, 19
Let s be ((-6)/(-9) + 2)*-3. What are the prime factors of (-2)/s + 62/8?
2
Let q(h) = -7*h + 1. Let n be q(-2). Let k = 5 - -4. Suppose 4*x + n = 3*z, 0*z - 2*z + k = -3*x. List the prime factors of z.
3
Let p(f) = 6*f - 8. Let i be p(7). Suppose r = 3*w - r + i, 5*w + 52 = r. What are the prime factors of 4/w + (-47)/(-5)?
3
Suppose 8*u = 5*u + 417. List the prime factors of u.
139
Let s = 132 + -67. What are the prime factors of s?
5, 13
Let j(t) = 10*t + 16. Let r(l) = -2*l - 3. Let v(x) = 3*j(x) + 16*r(x). List the prime factors of v(-13).
2, 13
Let s(g) be the first derivative of g**3/3 - g**2/2 + g - 7. What are the prime factors of s(3)?
7
Let r be 12/(-21)*(-7)/2. Suppose 48 = r*s - 2*o, -5*o - 40 = -s - 0*o. What are the prime factors of s?
2, 5
Let n be (-1)/(-3) + 14/3. Let i = -3 + n. List the prime factors of i.
2
Let f = 5 - -1. Let j = 2 - f. Let p = 18 + j. List the prime factors of p.
2, 7
Suppose -j = -0*j. Suppose j*w + 5*w - 70 = 0. Suppose a - w + 0 = 0. What are the prime factors of a?
2, 7
Let v = -19 - -34. List the prime factors of v.
3, 5
Let s = 119 + -26. What are the prime factors of s?
3, 31
Suppose -2*z - 3*j = -18, -20 = -5*j - 0*j. Let l = 3 - z. Let g = l - -5. What are the prime factors of g?
5
What are the prime factors of (48/(-56))/((-2)/56)?
2, 3
Suppose -2*b + 103 = 5*x - 47, 0 = 5*b - 2*x - 375. List the prime factors of b.
3, 5
Suppose 5*w + 7 = 22, -2*l + 14 = 2*w. Suppose -q = -i + 1 - 0, -q - 4 = 2*i. Let r = l + i. What are the prime factors of r?
3
Suppose -24 = 3*f - 4*f. Let k = f - 12. List the prime factors of 6/(-8) - (-141)/k.
11
Let g be 1*(6/(-2) - -17). Suppose 3*j = -68 + g. Let x = j - -30. What are the prime factors of x?
2, 3
Let y = 11 + -2. What are the prime factors of y?
3
Suppose 2*a + 8 = 40. What are the prime factors of a?
2
Let i(x) = x**3 - 3*x**2 + 6*x + 9. List the prime factors of i(6).
3, 17
Let n = 21 + -19. Suppose n*j = 9 + 45. What are the prime factors of j?
3
Let v = -16 - -18. What are the prime factors of v?
2
Suppose 0 = 3*i - 0*i. Suppose -5*v + 140 - 45 = i. List the prime factors of v.
19
Suppose 0*z + 5*z - 4*i - 27 = 0, z - 2*i = 9. Let l(v) = 4 - z + 3 - v. List the prime factors of l(-7).
11
Suppose -4*l - 10*l + 1554 = 0. List the prime factors of l.
3, 37
Let q = 23 - 14. Let f be -3*6/q*-4. Let i = f + -5. What are the prime factors of i?
3
Let r be (-34)/(-6)*(0 + 3). Let h = 6 + r. List the prime factors of h.
23
Let h = -16 + 24. What are the prime factors of (-49)/(-4) - 2/h?
2, 3
Let n be 2/(-11) - (-46)/11. Suppose n*s - 5 - 3 = 0. What are the prime factors of 152/11 - s/(-11)?
2, 7
Let q(d) = d + 4. Let a be q(-4). Suppose a = 4*r + 9 + 55. What are the prime factors of 1/4 - 188/r?
2, 3
Suppose -35 + 131 = 4*h. What are the prime factors of h?
2, 3
Suppose -4*w = -25 - 39. Let i = w + -10. List the prime factors of i.
2, 3
Let s(b) = b**3 + 3*b**2 - 5*b - 4. Let g be s(-4). Let v(y) be the third derivative of -y**4/24 + 5*y**3/3 - 6*y**2. What are the prime factors of v(g)?
2, 5
Suppose -4*o = -8*o + 16. Suppose -27 = -b - 4*r, -2*r + o*r = 5*b - 157. List the prime factors of b.
31
Suppose -5*k = -2*z - 89 - 86, 5*k = 4*z + 175. List the prime factors of k.
5, 7
Let l be (8/(-12))/(1/(-15)). Let q(b) = -b**2 + 11*b - 2. What are the prime factors of q(l)?
2
Let g(y) = y + 12. Let l be g(-8). Suppose -l*x + 2*o + 36 = 0, 27 = 3*x - o + 3*o. 